k(o) = -5*o - 27. Let m be k(-6). Suppose -4*r - m*j = -8, -r + 0*r - j + 1 = 0. Let w(b) = 3*b - 2. Calculate w(r).
13
Let z(m) be the first derivative of -m**4/4 + 2*m**3 - 3*m**2/2 - 2*m + 80. What is z(4)?
18
Let i(m) = -7*m**3 + 4*m**2 + 5. Let o(w) = 6*w**3 - 5*w**2 - 6. Let c(a) = 6*i(a) + 5*o(a). Let p(r) = r + 37. Let d be p(-16). Let z = 20 - d. Determine c(z).
11
Let x be (-3 + 3)*1/2. Suppose x = -0*c + c + 4*y, 4*c + 5*y = 11. Suppose -5*w = -v - 29 + c, 3*w - 15 = -4*v. Let a(f) = f**2 - 3. Give a(v).
-3
Suppose -3*r = -5*i - 0*r - 65, 0 = -4*i + 4*r - 60. Let o(f) = f - 8. Give o(i).
-18
Let d(h) = 2*h**2 + 1388*h + 0 + 2 - 1390*h. Give d(3).
14
Let u(v) = 2*v**2 + 6*v - 9. Let f(r) = 3*r**2 + 7*r - 10. Let h(o) = -3*f(o) + 4*u(o). Calculate h(4).
-10
Suppose 32*d - d = 0. Let k(s) be the third derivative of -1/6*s**3 - 3*s**2 + 0 + d*s - 3/8*s**4. Determine k(-1).
8
Let c(u) = -10 + 0*u - u + 5 + 9 - 5. Let b be -1*(-7 + -1 + 3). Give c(b).
-6
Suppose -15 = -4*i - i. Let o be (-2)/(-6)*-1*-45. Let f(v) = -18 + 2*v + o - v. Give f(i).
0
Let f(x) be the second derivative of -x**4/12 - 7*x**3/6 + 5*x**2 + 63*x. Give f(-8).
2
Let p(z) = -14*z + 1301*z**2 - 1300*z**2 + 5*z. What is p(12)?
36
Let l(h) be the third derivative of 0*h + 2*h**3 - 1/24*h**4 + 0 - 10*h**2. Determine l(7).
5
Let b(o) = o**2 + 39*o + 220. Let j be b(-7). Let k(y) = -2*y**2 - 5*y. What is k(j)?
-12
Let r(o) = 14*o - 82. Let h be r(6). Let p(l) be the second derivative of 4*l**3/3 - l**2 - l. Give p(h).
14
Let z(u) = -2*u - 15. Let a(f) = -f - 6. Let h(l) = 5*a(l) - 2*z(l). Determine h(-4).
4
Let s(j) = 5*j**2 + 3*j - 7. Let g(b) = -b**2 + b. Let r(a) = a**2 - a. Let u(z) = 2*g(z) + r(z). Let n(i) = -s(i) - 6*u(i). Determine n(8).
-1
Let l = 13 + -11. Suppose -l*a = -6, 2*c + 0*a - 13 = -a. Let t(r) = 4*r**2 - r - 2*r**2 - r**3 - 8*r**2 + c*r**2. What is t(-2)?
6
Suppose 16 = 6*f + 2*f. Let n(x) = -18*x + 17*x - 5*x**f - x**3 - 2*x**2 - 3*x**2 - 4. Determine n(-10).
6
Let j(b) = -9*b - 1. Let m be j(-3). Suppose -6*l = -10 - m. Let o(a) = 5*a + 2 + 2 - 2*a - 4*a. Calculate o(l).
-2
Let l(z) = 2*z**3 - 6*z**2 + 6*z - 12. Let d(t) = -t**3 + 7*t**2 - 5*t + 11. Let c(f) = -3*d(f) - 2*l(f). Give c(-9).
-36
Let a(k) = -7*k**2 + 9*k. Let r(z) = -z**2 + z - 1. Let y(f) = -a(f) + 6*r(f). Let h be y(4). Let s(u) = 2*u + 3 + 0 - 4 - 5*u. What is s(h)?
5
Let w(p) = 11. Let l(f) = f - 105. Let v(t) = -6*l(t) - 57*w(t). Suppose 2*x - 4*d - 15 = x, -3*x + 2*d = -15. Give v(x).
-15
Let p(f) = f**3 - 4*f**2 + 3*f - 7. Let h be (2 - 8/10)*1930/579. Determine p(h).
5
Let j be (5 - 9) + -11 - -7. Let x be (0 - 1)/((-1)/7). Let m = j + x. Let t(h) = 4*h**3 + 1. What is t(m)?
-3
Let b(c) = 7*c**3 - 2*c**2 - c + 1. Let i = 2110 - 2109. Determine b(i).
5
Let y(n) = 6*n**2 + 8*n - 15. Let k be 5/15*(18 + (0 - -3)). Let l(i) = -2*i - 5*i**2 + 14 + 0*i**2 - 6*i. Let u(h) = k*l(h) + 6*y(h). What is u(6)?
-4
Let o be 3*(-12)/(-18) - 2. Let f(p) be the second derivative of -p**3/6 - 7*p**2 - 2*p. Calculate f(o).
-14
Let z(x) be the third derivative of -x**7/2520 + 7*x**4/12 - 9*x**2. Let b(q) be the second derivative of z(q). Give b(2).
-4
Suppose 2 = 2*a - 0. Let i(j) = -6 - 8*j**2 + j + 7 - 7. Let n(c) = c**2 + 1. Let q(k) = a*i(k) + 6*n(k). Determine q(2).
-6
Let p(y) = y + 14. Let o(n) = n - 1. Let f(h) = -2*o(h) + p(h). Let r(s) = -s**3 - 6*s**2 + 9*s + 14. Let w be r(-7). Determine f(w).
16
Let p(y) be the second derivative of 8*y + 0 - 1/2*y**2 - 1/20*y**5 - 1/12*y**4 + 0*y**3. Determine p(-2).
3
Let o(a) = -a**3 + 3*a**2 - 5*a + 3. Suppose 25 = -5*t, -h + 2*t = -6*h + 165. Let w = -32 + h. Give o(w).
-12
Let x = 891 + -913. Let l(v) = v**3 + 22*v**2 - v - 25. Determine l(x).
-3
Let f be 739/(-13) + (-12)/78. Let o = -63 - f. Let q(b) be the first derivative of b**2/2 + 8*b - 1. Calculate q(o).
2
Let l(z) = -z**3 + 2*z**2 + 2*z. Let k(a) = -11*a + 55. Let o be k(5). Determine l(o).
0
Let q(v) = 4*v**2 + 3*v - 5. Let c be q(1). Let t(b) = -b**2 - b + 1. Give t(c).
-5
Let k(g) = 4*g**2 + 2*g + 3. Suppose 42*t - 15 = 37*t. Determine k(t).
45
Suppose -5*m = 5*v + 14 - 24, 0 = -3*v - m + 10. Let o be -11 - (v/(-4) + -3). Let s(h) be the third derivative of -h**4/8 - 4*h**3/3 + h**2. What is s(o)?
13
Let s be 89/(-5) - 1/5. Let q = s + 21. Suppose -5*j + 25 = 0, -q*b - 3*j = -8*b - 20. Let u(w) = -3*w**3. What is u(b)?
3
Let t(l) = l**2 + 8*l + 4. Let c(m) = m**2 - 3*m - 14. Let o be (-6)/2*(10/6)/(-1). Let a be c(o). What is t(a)?
-12
Suppose 3*z + z + 3*s - 35 = 0, 2*z - 30 = -4*s. Suppose 4*l = u + 2*u + 11, 3*l + 5*u - 1 = 0. Let c(w) = 6*w + w**3 - 6*w**l + 3 + 2 + 0. Determine c(z).
10
Let l(x) = x**2 - 5*x - 1. Let z(u) = -4*u - 22 - 3 + 6 + u. Let j be z(-8). What is l(j)?
-1
Let j(m) = -m**2 - 14*m - 1. Let v(g) = g**3 - 9*g**2 - 3*g + 13. Let t be v(9). Let w be j(t). Let b(d) = 9*d - 1. Give b(w).
-10
Let f(p) be the second derivative of -p**4/12 + 2*p**3 + 15*p**2 - 164*p. What is f(14)?
2
Let f(z) be the first derivative of -2*z**2 + 410. Suppose -3*d + 8*d - 11 = 4*i, 2*d + 4*i = -18. Calculate f(d).
4
Let v(i) = -i**3 - 9*i**2 - 2*i - 13. Suppose -3*q + 32 = 5*q. Suppose -33 = q*x + 3. Give v(x).
5
Let r = -1 - 3. Let n be (-2)/5 + r/(-10). Let i(t) = 14 - 50*t + t**2 + 0*t**2 + 51*t. Determine i(n).
14
Let y(q) = -q - 4. Let w be (30/25)/(6/(-40)). Suppose 4*g + 5*o = 12, 3*o + 2*o = 4*g - 12. Let r = g + w. Determine y(r).
1
Let d(v) = v**3 + v**2 - 5*v - 2. Let g(q) = 6*q - 35. Let m be g(6). Let k be (-6)/2*m/(-3 + 4). What is d(k)?
-5
Suppose 0 = 34*b - 35*b. Let p(g) = -1. Let f(a) = a + 2. Let q(k) = f(k) + 3*p(k). What is q(b)?
-1
Let y(x) = -x**3 - 2*x**2 + 4. Let a be y(-2). Let m(v) = -5*v**2 + v + 5. Let u(p) = 6*p**2 - 2*p - 6. Let r(z) = a*m(z) + 3*u(z). Determine r(-3).
-10
Let w(a) = a**2 + 5*a + 3. Let n(y) = y**2 - 2*y - 8. Let v be n(3). Give w(v).
3
Let y = 35/24 + -11/8. Let b(z) be the second derivative of -1/2*z**2 - 1/3*z**3 - y*z**4 + 3*z + 0. What is b(-4)?
-9
Suppose -19*t + 45 = -4*t. Suppose 5 = -2*m + 9. Suppose t = -m*c + c. Let w(u) = 2*u - 1. Calculate w(c).
-7
Let g(a) = 22*a + 9. Let n(y) = -9*y - 5. Let v(s) = 2*g(s) + 5*n(s). Calculate v(-8).
1
Let q(l) be the third derivative of l**6/360 + l**5/20 + l**4/12 + l**3/2 - 19*l**2. Let s(g) be the first derivative of q(g). Calculate s(-6).
2
Let s = 118 + -113. Suppose -3*d - 10 = -2*k, -k + 7*d = 12*d - s. Let x(a) = 1 - 2 - 4*a - 4*a**2 - 2*a + a**3. What is x(k)?
-6
Let r(b) = b + 7. Let k(o) = -o**2 + 6. Let p be k(0). Suppose -4*i - 26 = -p. Give r(i).
2
Let r(f) = -f. Let s(z) = 3*z - 5. Let c(p) = -4*r(p) - s(p). Suppose -5*k + a - 39 = 0, a + 31 = -5*k - 0*a. Let u(t) = t + 7. Let j be u(k). Give c(j).
5
Let j be (-39)/(-9) + (-10)/(-15). Let f(l) = -4*l + 21. Calculate f(j).
1
Suppose -3*x - 8 = -35. Let d be 9*(20/x - 2). Let f(m) = 2*m - 4*m - 5*m**2 - d + 7*m**2. Determine f(3).
10
Let k(o) = 14*o**2 - 14*o + 4. Let b(a) = -17*a**2 + 15*a - 3. Let s(z) = -5*b(z) - 6*k(z). Give s(-10).
1
Let p(w) = -16*w + w + w**2 - 155 - 5*w + 143. What is p(21)?
9
Let o(h) = h**2 + 6*h - 2. Let s(n) = -3*n**2 + 3*n. Let l be s(2). Let d be -4 - 5*l/(-15). Calculate o(d).
-2
Let n(j) = 4*j**2 - 3*j + 1. Let u be n(2). Suppose 0 = 5*q + 1 - u. Let r(y) = -y**3 - 3*y**q - 5*y - 3*y**2 + 6 + 2*y**3 + 3*y**2. Give r(4).
2
Let a(p) be the second derivative of p**5/20 - p**4/6 - p**3/2 + p**2 - 130*p. Let r(x) = -3*x**3 + x. Let h be r(-1). Calculate a(h).
-4
Let v(b) = 2*b**2 + b + 1. Let n(z) = 4*z**2 + 8*z + 4. Let w(c) = n(c) - v(c). Give w(-4).
7
Let s(b) = 36*b + 12*b**2 + 34 - 4*b - 11*b**2 - 6 - 9*b. Give s(-22).
6
Let k(u) = -1. Let f(l) be the third derivative of l**4/6 + 7*l**3/6 - 7*l**2. Let b be f(-2). Let n(j) = 2*j + 4. Let y(s) = b*n(s) - 2*k(s). Calculate y(-5).
8
Let x(a) = -a**3 + 6*a**2 + 2*a - 12. Let k be x(6). Let u(d) be the first derivative of -d**4/4 + 11*d + 10. Calculate u(k).
11
Let q(l) = -l**2. Suppose t - 15 = -2*t. Suppose 0 = w - t*w - 12. What is q(w)?
-9
Let r(m) = 6*m + 2. Suppose -19*p + 8 = -17*p. Suppose p*n = 2 - 10. Calculate r(n).
-10
Let k(y) = y**2 - 5*y + 5. Suppose 5*v = -3*f - 202 - 144, v - 3*f = -80. Let s = -66 - v. What is k(s)?
5
Suppose -1 = 